{"id":3090,"date":"2020-11-25T19:34:20","date_gmt":"2020-11-25T19:34:20","guid":{"rendered":"https:\/\/rainandson.kinsta.cloud\/product\/black-compact-reflective-umbrella\/"},"modified":"2025-11-10T12:44:19","modified_gmt":"2025-11-10T12:44:19","slug":"black-compact-reflective-umbrella","status":"publish","type":"product","link":"https:\/\/www.rainandson.com\/sv\/produkt\/black-compact-reflective-umbrella\/","title":{"rendered":"Svart hopf\u00e4llbart reflexparaply"},"content":{"rendered":"<p>Detta klassiska, svarta, hopf\u00e4llbara paraply med r\u00f6d reflexrand \u00e4r b\u00e5de en glamor\u00f6s och stilfull accessoar. Om du \u00e4r ute efter ett svart paraply med \u00e4nd\u00e5 vill st\u00e5 ut i m\u00e4ngden kommer den r\u00f6da randen p\u00e5 paraplyet att g\u00f6ra jobbet. Ditt reflexparaply kommer att f\u00e5 dig att sticka ut i m\u00e4ngden p\u00e5 dagen och n\u00e4r m\u00f6rkret fallit kommer den r\u00f6da reflexranden att se till att du syns. I hopf\u00e4llbart tillst\u00e5nd \u00e4r det ett litet paraply som l\u00e4tt f\u00e5r plats i din v\u00e4ska och det b\u00f6jda tr\u00e4handtaget get dig ett bra grepp. Det \u00e4r ett automatiskt paraply som endast kr\u00e4ver ett knapptryck f\u00f6r att \u00f6ppna och st\u00e4nga. Den starka, svarta metallramen g\u00f6r det till ett robust paraply. I \u00f6ppet tillst\u00e5nd \u00e4r det ett stort paraply som m\u00e4ter 103 centimeter i diameter, ett bra st\u00e4lle att h\u00e5lla sig undan stora regndroppar. Och b\u00e4st av allt, du kan bjuda in en v\u00e4n att dela ditt regnskydd.<\/p>\n<p>Svart<b> Hopf\u00e4llbara paraplyer<\/b> med r\u00f6d reflexrand och 10 ekrar.<br \/>\nSvart metallram i h\u00f6g kvalitet med tv\u00e5 sektioner ekrar i fiberglas.<br \/>\nKromt\u00e4ckt metalskaft.<br \/>\nB\u00f6jt handtag i tr\u00e4.<br \/>\nSp\u00e4nne med knapp.<br \/>\nRain &amp; Son Logotyp sydd p\u00e5 sk\u00e4rmen.<br \/>\n<b>Paraply<\/b> \u00f6ppnas till en diameter av 103 centimeter.<br \/>\nAutomatisk \u00f6ppning- och st\u00e4ngningsfunktion.<br \/>\nH\u00f6jd (st\u00e4ngt paraply): 36 cm.<br \/>\nH\u00f6jd (\u00f6ppet paraply): 68 cm.<br \/>\nVikt 435 gram.<\/p>","protected":false},"excerpt":{"rendered":"<p>Ett klassiskt, hopf\u00e4llbart svart paraply med r\u00f6d reflexrand som f\u00e5r dig att se stilig ut samtidigt som det h\u00e5ller dig torr fr\u00e5n regn. Den svarta metallramen g\u00f6r paraplyet starkt och det b\u00f6jda tr\u00e4handtaget g\u00f6r det bekv\u00e4mt att h\u00e5lla i. Det hopf\u00e4llbara paraplyet har en automatisk \u00f6ppnings- och st\u00e4ngningsfunktion, allt du beh\u00f6ver g\u00f6ra \u00e4r att trycka p\u00e5 knappen n\u00e4r det b\u00f6rjar eller slutar att regna.<\/p>","protected":false},"featured_media":4054,"comment_status":"open","ping_status":"closed","template":"","meta":[],"product_brand":[],"product_cat":[116,191,192],"product_tag":[],"class_list":{"0":"post-3090","1":"product","2":"type-product","3":"status-publish","4":"has-post-thumbnail","6":"product_cat-all-umbrellas","7":"product_cat-compact-umbrellas","8":"product_cat-reflective-compact-umbrellas","9":"pa_colour-black","11":"first","12":"outofstock","13":"taxable","14":"shipping-taxable","15":"product-type-simple"},"yoast_head":"<!-- This site is optimized with the Yoast SEO plugin v27.4 - https:\/\/yoast.com\/product\/yoast-seo-wordpress\/ -->\n<title>Black Compact Reflective Umbrella - Rain and Son - Classic and Stylish Umbrellas<\/title>\n<meta name=\"description\" content=\"Buying a black compact umbrella? Why not getting this black compact umbrella with a red reflective stripe to make you visible in the dark as well as dry?\" \/>\n<meta name=\"robots\" content=\"index, follow, max-snippet:-1, max-image-preview:large, max-video-preview:-1\" \/>\n<link rel=\"canonical\" href=\"https:\/\/www.rainandson.com\/sv\/produkt\/black-compact-reflective-umbrella\/\" \/>\n<meta property=\"og:locale\" content=\"sv_SE\" \/>\n<meta property=\"og:type\" content=\"article\" \/>\n<meta property=\"og:title\" content=\"Black Compact Reflective Umbrella - Rain and Son - Classic and Stylish Umbrellas\" \/>\n<meta property=\"og:description\" content=\"Buying a black compact umbrella? Why not getting this black compact umbrella with a red reflective stripe to make you visible in the dark as well as dry?\" \/>\n<meta property=\"og:url\" content=\"https:\/\/www.rainandson.com\/sv\/produkt\/black-compact-reflective-umbrella\/\" \/>\n<meta property=\"og:site_name\" content=\"Rain and Son - Classic and Stylish Umbrellas\" \/>\n<meta property=\"article:modified_time\" content=\"2025-11-10T12:44:19+00:00\" \/>\n<meta property=\"og:image\" content=\"https:\/\/www.rainandson.com\/wp-content\/uploads\/fancy-black-totes-umbrella-red-reflection-2-e1606916600835.jpg\" \/>\n\t<meta property=\"og:image:width\" content=\"999\" \/>\n\t<meta property=\"og:image:height\" content=\"999\" \/>\n\t<meta property=\"og:image:type\" content=\"image\/jpeg\" \/>\n<meta name=\"twitter:card\" content=\"summary_large_image\" \/>\n<meta name=\"twitter:label1\" content=\"Ber\u00e4knad l\u00e4stid\" \/>\n\t<meta name=\"twitter:data1\" content=\"1 minut\" \/>\n<script type=\"application\/ld+json\" class=\"yoast-schema-graph\">{\"@context\":\"https:\\\/\\\/schema.org\",\"@graph\":[{\"@type\":\"WebPage\",\"@id\":\"https:\\\/\\\/www.rainandson.com\\\/product\\\/black-compact-reflective-umbrella\\\/\",\"url\":\"https:\\\/\\\/www.rainandson.com\\\/product\\\/black-compact-reflective-umbrella\\\/\",\"name\":\"Black Compact Reflective Umbrella - Rain and Son - Classic and Stylish Umbrellas\",\"isPartOf\":{\"@id\":\"https:\\\/\\\/www.rainandson.com\\\/#website\"},\"primaryImageOfPage\":{\"@id\":\"https:\\\/\\\/www.rainandson.com\\\/product\\\/black-compact-reflective-umbrella\\\/#primaryimage\"},\"image\":{\"@id\":\"https:\\\/\\\/www.rainandson.com\\\/product\\\/black-compact-reflective-umbrella\\\/#primaryimage\"},\"thumbnailUrl\":\"https:\\\/\\\/www.rainandson.com\\\/wp-content\\\/uploads\\\/fancy-black-totes-umbrella-red-reflection-2-e1606916600835.jpg\",\"datePublished\":\"2020-11-25T19:34:20+00:00\",\"dateModified\":\"2025-11-10T12:44:19+00:00\",\"description\":\"Buying a black compact umbrella? Why not getting this black compact umbrella with a red reflective stripe to make you visible in the dark as well as dry?\",\"breadcrumb\":{\"@id\":\"https:\\\/\\\/www.rainandson.com\\\/product\\\/black-compact-reflective-umbrella\\\/#breadcrumb\"},\"inLanguage\":\"sv-SE\",\"potentialAction\":[{\"@type\":\"ReadAction\",\"target\":[\"https:\\\/\\\/www.rainandson.com\\\/product\\\/black-compact-reflective-umbrella\\\/\"]}]},{\"@type\":\"ImageObject\",\"inLanguage\":\"sv-SE\",\"@id\":\"https:\\\/\\\/www.rainandson.com\\\/product\\\/black-compact-reflective-umbrella\\\/#primaryimage\",\"url\":\"https:\\\/\\\/www.rainandson.com\\\/wp-content\\\/uploads\\\/fancy-black-totes-umbrella-red-reflection-2-e1606916600835.jpg\",\"contentUrl\":\"https:\\\/\\\/www.rainandson.com\\\/wp-content\\\/uploads\\\/fancy-black-totes-umbrella-red-reflection-2-e1606916600835.jpg\",\"width\":999,\"height\":999,\"caption\":\"black reflective small umbrella\"},{\"@type\":\"BreadcrumbList\",\"@id\":\"https:\\\/\\\/www.rainandson.com\\\/product\\\/black-compact-reflective-umbrella\\\/#breadcrumb\",\"itemListElement\":[{\"@type\":\"ListItem\",\"position\":1,\"name\":\"Home\",\"item\":\"https:\\\/\\\/www.rainandson.com\\\/sv\\\/\"},{\"@type\":\"ListItem\",\"position\":2,\"name\":\"Shop\",\"item\":\"https:\\\/\\\/www.rainandson.com\\\/shop\\\/\"},{\"@type\":\"ListItem\",\"position\":3,\"name\":\"Black Compact Reflective Umbrella\"}]},{\"@type\":\"WebSite\",\"@id\":\"https:\\\/\\\/www.rainandson.com\\\/#website\",\"url\":\"https:\\\/\\\/www.rainandson.com\\\/\",\"name\":\"Rain and Son - Classic and Stylish Umbrellas\",\"description\":\"Fashionable Umbrellas Online.\",\"publisher\":{\"@id\":\"https:\\\/\\\/www.rainandson.com\\\/#organization\"},\"potentialAction\":[{\"@type\":\"SearchAction\",\"target\":{\"@type\":\"EntryPoint\",\"urlTemplate\":\"https:\\\/\\\/www.rainandson.com\\\/?s={search_term_string}\"},\"query-input\":{\"@type\":\"PropertyValueSpecification\",\"valueRequired\":true,\"valueName\":\"search_term_string\"}}],\"inLanguage\":\"sv-SE\"},{\"@type\":\"Organization\",\"@id\":\"https:\\\/\\\/www.rainandson.com\\\/#organization\",\"name\":\"Rain and Son\",\"url\":\"https:\\\/\\\/www.rainandson.com\\\/\",\"logo\":{\"@type\":\"ImageObject\",\"inLanguage\":\"sv-SE\",\"@id\":\"https:\\\/\\\/www.rainandson.com\\\/#\\\/schema\\\/logo\\\/image\\\/\",\"url\":\"https:\\\/\\\/www.rainandson.com\\\/wp-content\\\/uploads\\\/rain-and-son-logotype-150.png\",\"contentUrl\":\"https:\\\/\\\/www.rainandson.com\\\/wp-content\\\/uploads\\\/rain-and-son-logotype-150.png\",\"width\":125,\"height\":150,\"caption\":\"Rain and Son\"},\"image\":{\"@id\":\"https:\\\/\\\/www.rainandson.com\\\/#\\\/schema\\\/logo\\\/image\\\/\"}}]}<\/script>\n<!-- \/ Yoast SEO plugin. -->","yoast_head_json":{"title":"Black Compact Reflective Umbrella - Rain and Son - Classic and Stylish Umbrellas","description":"Buying a black compact umbrella? Why not getting this black compact umbrella with a red reflective stripe to make you visible in the dark as well as dry?","robots":{"index":"index","follow":"follow","max-snippet":"max-snippet:-1","max-image-preview":"max-image-preview:large","max-video-preview":"max-video-preview:-1"},"canonical":"https:\/\/www.rainandson.com\/sv\/produkt\/black-compact-reflective-umbrella\/","og_locale":"sv_SE","og_type":"article","og_title":"Black Compact Reflective Umbrella - Rain and Son - Classic and Stylish Umbrellas","og_description":"Buying a black compact umbrella? Why not getting this black compact umbrella with a red reflective stripe to make you visible in the dark as well as dry?","og_url":"https:\/\/www.rainandson.com\/sv\/produkt\/black-compact-reflective-umbrella\/","og_site_name":"Rain and Son - Classic and Stylish Umbrellas","article_modified_time":"2025-11-10T12:44:19+00:00","og_image":[{"width":999,"height":999,"url":"https:\/\/www.rainandson.com\/wp-content\/uploads\/fancy-black-totes-umbrella-red-reflection-2-e1606916600835.jpg","type":"image\/jpeg"}],"twitter_card":"summary_large_image","twitter_misc":{"Ber\u00e4knad l\u00e4stid":"1 minut"},"schema":{"@context":"https:\/\/schema.org","@graph":[{"@type":"WebPage","@id":"https:\/\/www.rainandson.com\/product\/black-compact-reflective-umbrella\/","url":"https:\/\/www.rainandson.com\/product\/black-compact-reflective-umbrella\/","name":"Black Compact Reflective Umbrella - Rain and Son - Classic and Stylish Umbrellas","isPartOf":{"@id":"https:\/\/www.rainandson.com\/#website"},"primaryImageOfPage":{"@id":"https:\/\/www.rainandson.com\/product\/black-compact-reflective-umbrella\/#primaryimage"},"image":{"@id":"https:\/\/www.rainandson.com\/product\/black-compact-reflective-umbrella\/#primaryimage"},"thumbnailUrl":"https:\/\/www.rainandson.com\/wp-content\/uploads\/fancy-black-totes-umbrella-red-reflection-2-e1606916600835.jpg","datePublished":"2020-11-25T19:34:20+00:00","dateModified":"2025-11-10T12:44:19+00:00","description":"Buying a black compact umbrella? Why not getting this black compact umbrella with a red reflective stripe to make you visible in the dark as well as dry?","breadcrumb":{"@id":"https:\/\/www.rainandson.com\/product\/black-compact-reflective-umbrella\/#breadcrumb"},"inLanguage":"sv-SE","potentialAction":[{"@type":"ReadAction","target":["https:\/\/www.rainandson.com\/product\/black-compact-reflective-umbrella\/"]}]},{"@type":"ImageObject","inLanguage":"sv-SE","@id":"https:\/\/www.rainandson.com\/product\/black-compact-reflective-umbrella\/#primaryimage","url":"https:\/\/www.rainandson.com\/wp-content\/uploads\/fancy-black-totes-umbrella-red-reflection-2-e1606916600835.jpg","contentUrl":"https:\/\/www.rainandson.com\/wp-content\/uploads\/fancy-black-totes-umbrella-red-reflection-2-e1606916600835.jpg","width":999,"height":999,"caption":"black reflective small umbrella"},{"@type":"BreadcrumbList","@id":"https:\/\/www.rainandson.com\/product\/black-compact-reflective-umbrella\/#breadcrumb","itemListElement":[{"@type":"ListItem","position":1,"name":"Home","item":"https:\/\/www.rainandson.com\/sv\/"},{"@type":"ListItem","position":2,"name":"Shop","item":"https:\/\/www.rainandson.com\/shop\/"},{"@type":"ListItem","position":3,"name":"Black Compact Reflective Umbrella"}]},{"@type":"WebSite","@id":"https:\/\/www.rainandson.com\/#website","url":"https:\/\/www.rainandson.com\/","name":"Rain and Son - Klassiska paraplyer i modern skandinavisk design","description":"Eleganta paraplyer online.","publisher":{"@id":"https:\/\/www.rainandson.com\/#organization"},"potentialAction":[{"@type":"SearchAction","target":{"@type":"EntryPoint","urlTemplate":"https:\/\/www.rainandson.com\/?s={search_term_string}"},"query-input":{"@type":"PropertyValueSpecification","valueRequired":true,"valueName":"search_term_string"}}],"inLanguage":"sv-SE"},{"@type":"Organization","@id":"https:\/\/www.rainandson.com\/#organization","name":"Rain &amp; Son","url":"https:\/\/www.rainandson.com\/","logo":{"@type":"ImageObject","inLanguage":"sv-SE","@id":"https:\/\/www.rainandson.com\/#\/schema\/logo\/image\/","url":"https:\/\/www.rainandson.com\/wp-content\/uploads\/rain-and-son-logotype-150.png","contentUrl":"https:\/\/www.rainandson.com\/wp-content\/uploads\/rain-and-son-logotype-150.png","width":125,"height":150,"caption":"Rain and Son"},"image":{"@id":"https:\/\/www.rainandson.com\/#\/schema\/logo\/image\/"}}]}},"_links":{"self":[{"href":"https:\/\/www.rainandson.com\/sv\/wp-json\/wp\/v2\/product\/3090","targetHints":{"allow":["GET"]}}],"collection":[{"href":"https:\/\/www.rainandson.com\/sv\/wp-json\/wp\/v2\/product"}],"about":[{"href":"https:\/\/www.rainandson.com\/sv\/wp-json\/wp\/v2\/types\/product"}],"replies":[{"embeddable":true,"href":"https:\/\/www.rainandson.com\/sv\/wp-json\/wp\/v2\/comments?post=3090"}],"wp:featuredmedia":[{"embeddable":true,"href":"https:\/\/www.rainandson.com\/sv\/wp-json\/wp\/v2\/media\/4054"}],"wp:attachment":[{"href":"https:\/\/www.rainandson.com\/sv\/wp-json\/wp\/v2\/media?parent=3090"}],"wp:term":[{"taxonomy":"product_brand","embeddable":true,"href":"https:\/\/www.rainandson.com\/sv\/wp-json\/wp\/v2\/product_brand?post=3090"},{"taxonomy":"product_cat","embeddable":true,"href":"https:\/\/www.rainandson.com\/sv\/wp-json\/wp\/v2\/product_cat?post=3090"},{"taxonomy":"product_tag","embeddable":true,"href":"https:\/\/www.rainandson.com\/sv\/wp-json\/wp\/v2\/product_tag?post=3090"}],"curies":[{"name":"wp","href":"https:\/\/api.w.org\/{rel}","templated":true}]}}

Svart hopfällbart reflexparaply

<p>Detta klassiska, svarta, hopfällbara paraply med röd reflexrand är både en glamorös och stilfull accessoar. Om du är ute efter ett svart paraply med ändå vill stå ut i mängden kommer den röda randen på paraplyet att göra jobbet. Ditt reflexparaply kommer att få dig att sticka ut i mängden på dagen och när mörkret fallit kommer den röda reflexranden att se till att du syns. I hopfällbart tillstånd är det ett litet paraply som lätt får plats i din väska och det böjda trähandtaget get dig ett bra grepp. Det är ett automatiskt paraply som endast kräver ett knapptryck för att öppna och stänga. Den starka, svarta metallramen gör det till ett robust paraply. I öppet tillstånd är det ett stort paraply som mäter 103 centimeter i diameter, ett bra ställe att hålla sig undan stora regndroppar. Och bäst av allt, du kan bjuda in en vän att dela ditt regnskydd.</p>
<p>Svart<b> Hopfällbara paraplyer</b> med röd reflexrand och 10 ekrar.<br />
Svart metallram i hög kvalitet med två sektioner ekrar i fiberglas.<br />
Kromtäckt metalskaft.<br />
Böjt handtag i trä.<br />
Spänne med knapp.<br />
Rain &amp; Son Logotyp sydd på skärmen.<br />
<b>Paraply</b> öppnas till en diameter av 103 centimeter.<br />
Automatisk öppning- och stängningsfunktion.<br />
Höjd (stängt paraply): 36 cm.<br />
Höjd (öppet paraply): 68 cm.<br />
Vikt 435 gram.</p>

<p>Ett klassiskt, hopfällbart svart paraply med röd reflexrand som får dig att se stilig ut samtidigt som det håller dig torr från regn. Den svarta metallramen gör paraplyet starkt och det böjda trähandtaget gör det bekvämt att hålla i. Det hopfällbara paraplyet har en automatisk öppnings- och stängningsfunktion, allt du behöver göra är att trycka på knappen när det börjar eller slutar att regna.</p>

<!-- This site is optimized with the Yoast SEO plugin v27.4 - https://yoast.com/product/yoast-seo-wordpress/ -->
<title>Black Compact Reflective Umbrella - Rain and Son - Classic and Stylish Umbrellas</title>
<meta name="description" content="Buying a black compact umbrella? Why not getting this black compact umbrella with a red reflective stripe to make you visible in the dark as well as dry?" />
<meta name="robots" content="index, follow, max-snippet:-1, max-image-preview:large, max-video-preview:-1" />
<link rel="canonical" href="https://www.rainandson.com/sv/produkt/black-compact-reflective-umbrella/" />
<meta property="og:locale" content="sv_SE" />
<meta property="og:type" content="article" />
<meta property="og:title" content="Black Compact Reflective Umbrella - Rain and Son - Classic and Stylish Umbrellas" />
<meta property="og:description" content="Buying a black compact umbrella? Why not getting this black compact umbrella with a red reflective stripe to make you visible in the dark as well as dry?" />
<meta property="og:url" content="https://www.rainandson.com/sv/produkt/black-compact-reflective-umbrella/" />
<meta property="og:site_name" content="Rain and Son - Classic and Stylish Umbrellas" />
<meta property="article:modified_time" content="2025-11-10T12:44:19+00:00" />
<meta property="og:image" content="https://www.rainandson.com/wp-content/uploads/fancy-black-totes-umbrella-red-reflection-2-e1606916600835.jpg" />
	<meta property="og:image:width" content="999" />
	<meta property="og:image:height" content="999" />
	<meta property="og:image:type" content="image/jpeg" />
<meta name="twitter:card" content="summary_large_image" />
<meta name="twitter:label1" content="Beräknad lästid" />
	<meta name="twitter:data1" content="1 minut" />
<script type="application/ld+json" class="yoast-schema-graph">{"@context":"https:\/\/schema.org","@graph":[{"@type":"WebPage","@id":"https:\/\/www.rainandson.com\/product\/black-compact-reflective-umbrella\/","url":"https:\/\/www.rainandson.com\/product\/black-compact-reflective-umbrella\/","name":"Black Compact Reflective Umbrella - Rain and Son - Classic and Stylish Umbrellas","isPartOf":{"@id":"https:\/\/www.rainandson.com\/#website"},"primaryImageOfPage":{"@id":"https:\/\/www.rainandson.com\/product\/black-compact-reflective-umbrella\/#primaryimage"},"image":{"@id":"https:\/\/www.rainandson.com\/product\/black-compact-reflective-umbrella\/#primaryimage"},"thumbnailUrl":"https:\/\/www.rainandson.com\/wp-content\/uploads\/fancy-black-totes-umbrella-red-reflection-2-e1606916600835.jpg","datePublished":"2020-11-25T19:34:20+00:00","dateModified":"2025-11-10T12:44:19+00:00","description":"Buying a black compact umbrella? Why not getting this black compact umbrella with a red reflective stripe to make you visible in the dark as well as dry?","breadcrumb":{"@id":"https:\/\/www.rainandson.com\/product\/black-compact-reflective-umbrella\/#breadcrumb"},"inLanguage":"sv-SE","potentialAction":[{"@type":"ReadAction","target":["https:\/\/www.rainandson.com\/product\/black-compact-reflective-umbrella\/"]}]},{"@type":"ImageObject","inLanguage":"sv-SE","@id":"https:\/\/www.rainandson.com\/product\/black-compact-reflective-umbrella\/#primaryimage","url":"https:\/\/www.rainandson.com\/wp-content\/uploads\/fancy-black-totes-umbrella-red-reflection-2-e1606916600835.jpg","contentUrl":"https:\/\/www.rainandson.com\/wp-content\/uploads\/fancy-black-totes-umbrella-red-reflection-2-e1606916600835.jpg","width":999,"height":999,"caption":"black reflective small umbrella"},{"@type":"BreadcrumbList","@id":"https:\/\/www.rainandson.com\/product\/black-compact-reflective-umbrella\/#breadcrumb","itemListElement":[{"@type":"ListItem","position":1,"name":"Home","item":"https:\/\/www.rainandson.com\/sv\/"},{"@type":"ListItem","position":2,"name":"Shop","item":"https:\/\/www.rainandson.com\/shop\/"},{"@type":"ListItem","position":3,"name":"Black Compact Reflective Umbrella"}]},{"@type":"WebSite","@id":"https:\/\/www.rainandson.com\/#website","url":"https:\/\/www.rainandson.com\/","name":"Rain and Son - Classic and Stylish Umbrellas","description":"Fashionable Umbrellas Online.","publisher":{"@id":"https:\/\/www.rainandson.com\/#organization"},"potentialAction":[{"@type":"SearchAction","target":{"@type":"EntryPoint","urlTemplate":"https:\/\/www.rainandson.com\/?s={search_term_string}"},"query-input":{"@type":"PropertyValueSpecification","valueRequired":true,"valueName":"search_term_string"}}],"inLanguage":"sv-SE"},{"@type":"Organization","@id":"https:\/\/www.rainandson.com\/#organization","name":"Rain and Son","url":"https:\/\/www.rainandson.com\/","logo":{"@type":"ImageObject","inLanguage":"sv-SE","@id":"https:\/\/www.rainandson.com\/#\/schema\/logo\/image\/","url":"https:\/\/www.rainandson.com\/wp-content\/uploads\/rain-and-son-logotype-150.png","contentUrl":"https:\/\/www.rainandson.com\/wp-content\/uploads\/rain-and-son-logotype-150.png","width":125,"height":150,"caption":"Rain and Son"},"image":{"@id":"https:\/\/www.rainandson.com\/#\/schema\/logo\/image\/"}}]}</script>
<!-- / Yoast SEO plugin. -->
